{"id":864,"date":"2022-09-12T06:20:01","date_gmt":"2022-09-12T07:20:01","guid":{"rendered":"https:\/\/www.bogensport-friesach.at\/?page_id=864"},"modified":"2022-09-12T06:20:01","modified_gmt":"2022-09-12T07:20:01","slug":"parcoursregeln","status":"publish","type":"page","link":"https:\/\/www.bogensport-friesach.at\/index.php\/parcoursregeln\/","title":{"rendered":"Parcoursregeln"},"content":{"rendered":"\n<h2 id=\"haftung\">Haftung<\/h2>\n\n\n\n<ul><li>Der AABS-FRIESACH wie auch der Grundst\u00fcckseigent\u00fcmer \u00fcbernehmen keinerlei wie auch immer gearteten Haftungs- oder Ersatzanspr\u00fcche bei Unf\u00e4llen mit Sach- oder Personensch\u00e4den!<\/li><li>Das Betreten und Ben\u00fctzen des Platzes und des Parcours erfolgt auf eigene Gefahr und Verantwortung!<\/li><li>Eltern haften f\u00fcr ihre Kinder!<\/li><li><a><\/a> Jeder Nutzer der Bogensportanlage hat das hier angef\u00fchrte Regelwerk zur Kenntnis zu nehmen und verpflichtet sich zu dessen Einhaltung!<\/li><\/ul>\n\n\n\n<h2 id=\"nutzungsberechtigt\">Nutzungsberechtigt<\/h2>\n\n\n\n<ul><li>Mitglieder des AABS-FRIESACH.<\/li><li>Besucher mit g\u00fcltiger Nutzungskarte.<\/li><li>G\u00e4ste und Teilnehmer an Veranstaltungen.<\/li><li>Die Nutzung des Parcours von Personen unter dem vollendeten 16. Lebensjahr ist nur im Beisein eines Erwachsenen erlaubt.<\/li><\/ul>\n\n\n\n<h2 id=\"verhalten-am-parcours\">Verhalten am Parcours<\/h2>\n\n\n\n<h3 class=\"has-vivid-cyan-blue-color has-text-color\" id=\"gebote\">Gebote<\/h3>\n\n\n\n<ul><li>Jeder Sch\u00fctze haftet f\u00fcr den von ihm abgegebenen Schuss und dessen Auswirkungen.<\/li><li>Die Hauptschussrichtungen (Abschusspflock \u2013 Ziel) ist einzuhalten.<\/li><li>Der Bogen darf nur an der Schusslinie\/Abschusspflock in Richtung Ziel gespannt werden.<\/li><li>Vor dem Schie\u00dfen hat sich jeder Sch\u00fctze davon zu \u00fcberzeugen, dass Schussfeld und Sicherheitszone (hinter den Zielen) frei sind.<\/li><li>Am Parcours herrscht Disziplin und Sauberkeit \u2013 M\u00fcll ist selbst zu entsorgen &#8211; auch \u201ePfeilschrott\u201c.<\/li><li>Hunde sind an der Leine zu f\u00fchren.<\/li><\/ul>\n\n\n\n<h3 class=\"has-vivid-red-color has-text-color\" id=\"verbote\">Verbote<\/h3>\n\n\n\n<ul><li>Ist das Ziel nicht eindeutig erkennbar (z.B. Nebel) oder besteht der Verdacht, dass im Schussfeld eine Gef\u00e4hrdung f\u00fcr Personen oder Tiere besteht (Ger\u00e4usche) ist das Schie\u00dfen verboten.<\/li><li>Es ist verboten auf etwas Anderes als auf die errichteten Ziele zu schie\u00dfen.<\/li><li>Sch\u00fcsse \u201ein die Luft\u201c = Hochanschlag.<\/li><li>Gehen gegen die Parcours-Richtung.<\/li><li>Die Nutzung von Armbrust und Blasrohr!<\/li><li>Die Nutzung von Jagd-, Blunt-, Judospitzen, etc.<\/li><\/ul>\n\n\n\n<h2 id=\"benutzungszeiten\">Ben\u00fctzungszeiten<\/h2>\n\n\n\n<p>01 Mai \u2013 30 September 09:00 \u2013 18:00 Uhr<br>01 Oktober \u2013 30 April   09:00 \u2013 16:00 Uhr<\/p>\n\n\n\n<h2 id=\"zusammenleben\">Zusammenleben<\/h2>\n\n\n\n<p>Der Wald ist ein Erholungsgebiet f\u00fcr alle!<\/p>\n\n\n\n<p>So wie wir Bogensch\u00fctzen von den anderen Nutzern dieses Gebietes wie L\u00e4ufer, Walker, Spazierg\u00e4ngern oder einfach Natur-Genie\u00dfern erwarten sich an die markierten Wege zu halten, ist es unsere Aufgabe die Ordnung und Sicherheit w\u00e4hrend der Aus\u00fcbung unseres Hobbys zu gew\u00e4hrleisten.<\/p>\n\n\n\n<p>Erweisen alle Beteiligten sich den gegenseitigen Respekt und das n\u00f6tige Verst\u00e4ndnis f\u00fcr ihr jeweiliges Hobby, wird die Bogensportanlage des AABS-FRIESACH ein weiteres Erholungs- und Sportangebot f\u00fcr unsere Heimatgemeinden und deren G\u00e4ste darstellen!<\/p>\n","protected":false},"excerpt":{"rendered":"<p> [&hellip;]<\/p>\n","protected":false},"author":1,"featured_media":0,"parent":0,"menu_order":0,"comment_status":"closed","ping_status":"closed","template":"","meta":[],"_links":{"self":[{"href":"https:\/\/www.bogensport-friesach.at\/index.php\/wp-json\/wp\/v2\/pages\/864"}],"collection":[{"href":"https:\/\/www.bogensport-friesach.at\/index.php\/wp-json\/wp\/v2\/pages"}],"about":[{"href":"https:\/\/www.bogensport-friesach.at\/index.php\/wp-json\/wp\/v2\/types\/page"}],"author":[{"embeddable":true,"href":"https:\/\/www.bogensport-friesach.at\/index.php\/wp-json\/wp\/v2\/users\/1"}],"replies":[{"embeddable":true,"href":"https:\/\/www.bogensport-friesach.at\/index.php\/wp-json\/wp\/v2\/comments?post=864"}],"version-history":[{"count":1,"href":"https:\/\/www.bogensport-friesach.at\/index.php\/wp-json\/wp\/v2\/pages\/864\/revisions"}],"predecessor-version":[{"id":865,"href":"https:\/\/www.bogensport-friesach.at\/index.php\/wp-json\/wp\/v2\/pages\/864\/revisions\/865"}],"wp:attachment":[{"href":"https:\/\/www.bogensport-friesach.at\/index.php\/wp-json\/wp\/v2\/media?parent=864"}],"curies":[{"name":"wp","href":"https:\/\/api.w.org\/{rel}","templated":true}]}}